{"id":62,"date":"2024-09-25T08:39:00","date_gmt":"2024-09-25T06:39:00","guid":{"rendered":"https:\/\/centre-medical-torcy.fr\/?page_id=62"},"modified":"2025-01-03T06:57:49","modified_gmt":"2025-01-03T05:57:49","slug":"centre-medical-de-torcy","status":"publish","type":"page","link":"https:\/\/centre-medical-torcy.fr\/","title":{"rendered":"centre m\u00e9dical du 77"},"content":{"rendered":"<div  id=\"overlapable-2\" style=\"background-color: #ffffff;\" data-label=\"Overlapable\" data-id=\"stripped-coloured-icon-boxes\" data-category=\"overlapable\" class=\"features-coloured-icon-boxes-section\" data-overlap=\"true\">\n<div  class=\"gridContainer\">\n<div  class=\"features-coloured-icon-boxes-innerrow flexbox-list dark-text\" data-type=\"row\">\n<div  class=\"features-coloured-icon-boxes-featurecol cp3cols\">\n<div  class=\"features-coloured-icon-boxes-iconcontainer\" data-content-item-container=\"true\"><i  class=\"features-coloured-icon fa fa-child\" data-cp-fa=\"true\"><\/i><\/div>\n<h4  class=\"\">M\u00e9decine de ProximIt\u00e9<\/h4>\n<p  class=\"\">Notre \u00e9quipe de m\u00e9decins exp\u00e9riment\u00e9s est soutenue par des <b >outils technologiques de pointe<\/b> pour r\u00e9pondre \u00e0 vos besoins de sant\u00e9.<\/p>\n<a class=\"features-coloured-button\" href=\"https:\/\/www.doctolib.fr\/centre-de-sante\/torcy\/centre-de-sante-de-torcy\" target=\"_blank\" rel=\"noopener\">PRENDRE RENDEZ VOUS<\/a>\n\n<\/div>\n<div  class=\"features-coloured-icon-boxes-featurecol cp3cols\">\n<div  class=\"features-coloured-icon-boxes-iconcontainer\" data-content-item-container=\"true\"><i  class=\"features-coloured-icon fa fa-calendar-check-o\" data-cp-fa=\"true\"><\/i><\/div>\n<h4  class=\"\">Horaires D\u2019ouverture<\/h4>\n<p  class=\"\">Lundi \u2013 Vendredi\n<b >08h30 \u2013 23h00<\/b>\nSamedi\n<b >08h30 \u2013 23h00<\/b>\nDimanche\n<b >08h30 \u2013 23h00<\/b><\/p>\n<a class=\"features-coloured-button\" href=\"https:\/\/www.doctolib.fr\/centre-de-sante\/torcy\/centre-de-sante-de-torcy\" target=\"_blank\" rel=\"noopener\">PRENDRE RENDEZ VOUS<\/a>\n\n<\/div>\n<\/div>\n<\/div>\n<\/div><div  id=\"about-1\" style=\"background-color: #f6f6f6;\" data-label=\"About\" data-id=\"about-big-images-section\" data-category=\"about\" class=\"about-big-images-section\">\n<div  class=\"gridContainer\">\n<div  class=\"about-big-images-textrow\">\n<div  class=\"about-big-images-textcol dynamic-color\" data-type=\"column\">\n<h5  class=\"\">CENTRE MEDICAL DE TORCY<\/h5>\n<h3  class=\"\">Un Centre de Proximit\u00e9<\/h3>\n<p  class=\"\">un centre m\u00e9dical d\u00e9di\u00e9 aux soins de la personne du jeune enfant \u00e0 l\u2019adulte senior traitant des pathologies diverses et vari\u00e9es avec le plus grand s\u00e9rieux et la plus et le plus grand professionnalisme<\/p>\n<a class=\"button blue big\" href=\"https:\/\/www.doctolib.fr\/centre-de-sante\/torcy\/centre-de-sante-de-torcy\" target=\"_blank\" rel=\"noopener\">DOCTOLIB<\/a>\n\n<\/div>\n<\/div>\n<\/div>\n<div  class=\"about-big-images-bottomrow\">\n<div  class=\"about-big-images-leftimgcol\"><img  decoding=\"async\" class=\"about-big-images-leftimg\" src=\"https:\/\/centre-medical-torcy.fr\/wp-content\/uploads\/2024\/09\/young-handsome-physician-medical-robe-with-stethoscope-1-scaled.webp\" alt=\"\"><\/div>\n<div  class=\"about-big-images-centerimgcol\"><img  decoding=\"async\" class=\"about-big-images-centerimg\" src=\"https:\/\/centre-medical-torcy.fr\/wp-content\/uploads\/2024\/09\/happy-doctor-holding-clipboard-with-patients-1-scaled.webp\" alt=\"\"><\/div>\n<div  class=\"about-big-images-rightimgcol\"><img  decoding=\"async\" class=\"about-big-images-rightimg\" src=\"https:\/\/centre-medical-torcy.fr\/wp-content\/uploads\/2024\/09\/safety-evidence-1024x791-2.webp\" alt=\"\"><\/div>\n<\/div>\n<\/div><div  id=\"content-3\" style=\"background-color: #ffffff;\" data-label=\"Content\" data-id=\"content-image-left\" data-category=\"content\" class=\"content-left-image-section\">\n<div  class=\"gridContainer\">\n<div  class=\"row\">\n<div  class=\"content-left-image-imgcol\" data-type=\"column\"><img  decoding=\"async\" src=\"https:\/\/centre-medical-torcy.fr\/wp-content\/uploads\/2024\/09\/telechargement.png\" class=\"\" alt=\"\"><\/div>\n<div  class=\"content-left-image-textcol dynamic-color\" data-type=\"column\">\n<h2  class=\"\">Rendez Vous<\/h2>\nSimplifi\u00e9\n<p  class=\"large_text\">Rendez-vous directement sur notre plateforme avec notre partenaire <b >Doctolib<\/b> pour conna\u00eetre les meilleurs opportunit\u00e9s en fonction de votre disponibilit\u00e9<\/p>\n<a class=\"button blue\" href=\"https:\/\/www.doctolib.fr\/centre-de-sante\/torcy\/centre-de-sante-de-torcy\" target=\"_blank\" rel=\"noopener\"> rendez vous en ligne <\/a>\n\n<\/div>\n<\/div>\n<\/div>\n<\/div><div  id=\"content-4\" style=\"background-color: #f6f6f6;\" data-label=\"Content\" data-id=\"content-image-right\" data-category=\"content\" class=\"content-right-image-section\">\n<div  class=\"gridContainer\">\n<div  class=\"content-right-image-gridcol\">\n<div  class=\"content-right-image-textcol dynamic-color\" data-type=\"column\">\n<h2  class=\"\">T\u00e9l\u00e9consultation<\/h2>\n<p  class=\"large_text\">Choisissez le type de consultation que vous souhaitez,<\/p>\n<span  style=\"font-family: 'Source Sans Pro', sans-serif; font-size: 19.98px;\" class=\"\"><b >en pr\u00e9sentiel<\/b><\/span><br  style=\"font-size: 19.98px;\" class=\"\"><span  style=\"font-family: 'Source Sans Pro', sans-serif; font-size: 19.98px;\" class=\"\">\u00e0 notre Centre Medical \u00e0 Torcy\n<\/span><b  class=\"\">15 place de l\u2019\u00e9glise\n<\/b>\n<b  class=\"\">\u00e0 distance en t\u00e9l\u00e9consultation\n<\/b>\npratique si vos horaires sont\ncontraignants\n\n<a class=\"button blue\" href=\"https:\/\/maps.app.goo.gl\/rCi3ZvGj4mzxbmkr5\" target=\"_blank\" rel=\"noopener\"> se rendre sur place <\/a>\n\n<\/div>\n<div  class=\"content-right-image-imgcol\" data-type=\"column\"><img  decoding=\"async\" src=\"https:\/\/centre-medical-torcy.fr\/wp-content\/uploads\/2024\/09\/Screenshot_1.jpg\" class=\"\" alt=\"https:\/\/maps.app.goo.gl\/rCi3ZvGj4mzxbmkr5\"><\/div>\n<\/div>\n<\/div>\n<\/div><div  id=\"cta-1\" data-label=\"Call to action\" data-id=\"cta-blue-section\" data-category=\"cta\" class=\"cta-blue-section\">\n<div  class=\"gridContainer\">\n<div  class=\"flexbox-list flexbox-list-align-center row\">\n<div  class=\"cta-blue-textcol dynamic-color\">\n<h2  class=\"cta-blue-text\"><b  class=\"element2\"> Prenez rendez vous d\u00e8s&nbsp;<\/b>Maintenant<\/h2>\n<\/div>\n<div  class=\"cta-blue-btncol\"><a class=\"button big yellow dark-text\" href=\"https:\/\/www.doctolib.fr\/centre-de-sante\/torcy\/centre-de-sante-de-torcy\" target=\"_blank\" rel=\"noopener\"> EN LIGNE SUR VOTRE SMARTPHONE <\/a><\/div>\n<\/div>\n<\/div>\n<\/div>","protected":false},"excerpt":{"rendered":"<p>M\u00e9decine de ProximIt\u00e9 Notre \u00e9quipe de m\u00e9decins exp\u00e9riment\u00e9s est soutenue par des outils technologiques de pointe pour r\u00e9pondre \u00e0 vos besoins de sant\u00e9. PRENDRE RENDEZ VOUS Horaires D\u2019ouverture Lundi \u2013 Vendredi 08h30 \u2013 23h00 Samedi 08h30 \u2013 23h00 Dimanche 08h30 \u2013 23h00 PRENDRE RENDEZ VOUS CENTRE MEDICAL DE TORCY Un Centre de Proximit\u00e9 un centre&hellip; <br \/> <a class=\"button small blue\" href=\"https:\/\/centre-medical-torcy.fr\/?p=1\">Lire la suite<\/a><\/p>\n","protected":false},"author":1,"featured_media":0,"parent":0,"menu_order":0,"comment_status":"closed","ping_status":"closed","template":"","meta":{"footnotes":""},"class_list":["post-62","page","type-page","status-publish","hentry"],"yoast_head":"<!-- This site is optimized with the Yoast SEO plugin v23.6 - https:\/\/yoast.com\/wordpress\/plugins\/seo\/ -->\n<title>Centre M\u00e9dical de Torcy d\u00e9di\u00e9 aux soins de la personne toutes pathologies trait\u00e9es avec s\u00e9rieux et professionnalisme<\/title>\n<meta name=\"description\" content=\"centre m\u00e9dical du 77 d\u00e9di\u00e9 aux soins de la personne du jeune enfant \u00e0 l\u2019adulte senior pathologies trait\u00e9es avec s\u00e9rieux et professionnalisme\" \/>\n<meta name=\"robots\" content=\"index, follow, max-snippet:-1, max-image-preview:large, max-video-preview:-1\" \/>\n<link rel=\"canonical\" href=\"https:\/\/centre-medical-torcy.fr\/\" \/>\n<meta property=\"og:locale\" content=\"fr_FR\" \/>\n<meta property=\"og:type\" content=\"article\" \/>\n<meta property=\"og:title\" content=\"Centre M\u00e9dical de Torcy d\u00e9di\u00e9 aux soins de la personne toutes pathologies trait\u00e9es avec s\u00e9rieux et professionnalisme\" \/>\n<meta property=\"og:description\" content=\"centre m\u00e9dical du 77 d\u00e9di\u00e9 aux soins de la personne du jeune enfant \u00e0 l\u2019adulte senior pathologies trait\u00e9es avec s\u00e9rieux et professionnalisme\" \/>\n<meta property=\"og:url\" content=\"https:\/\/centre-medical-torcy.fr\/\" \/>\n<meta property=\"og:site_name\" content=\"Centre M\u00e9dical de Torcy\" \/>\n<meta property=\"article:modified_time\" content=\"2025-01-03T05:57:49+00:00\" \/>\n<meta property=\"og:image\" content=\"https:\/\/centre-medical-torcy.fr\/wp-content\/uploads\/2024\/09\/young-handsome-physician-medical-robe-with-stethoscope-1-scaled.webp\" \/>\n<meta name=\"twitter:card\" content=\"summary_large_image\" \/>\n<meta name=\"twitter:label1\" content=\"Dur\u00e9e de lecture estim\u00e9e\" \/>\n\t<meta name=\"twitter:data1\" content=\"2 minutes\" \/>\n<script type=\"application\/ld+json\" class=\"yoast-schema-graph\">{\"@context\":\"https:\/\/schema.org\",\"@graph\":[{\"@type\":\"WebPage\",\"@id\":\"https:\/\/centre-medical-torcy.fr\/\",\"url\":\"https:\/\/centre-medical-torcy.fr\/\",\"name\":\"Centre M\u00e9dical de Torcy d\u00e9di\u00e9 aux soins de la personne toutes pathologies trait\u00e9es avec s\u00e9rieux et professionnalisme\",\"isPartOf\":{\"@id\":\"https:\/\/centre-medical-torcy.fr\/#website\"},\"primaryImageOfPage\":{\"@id\":\"https:\/\/centre-medical-torcy.fr\/#primaryimage\"},\"image\":{\"@id\":\"https:\/\/centre-medical-torcy.fr\/#primaryimage\"},\"thumbnailUrl\":\"https:\/\/centre-medical-torcy.fr\/wp-content\/uploads\/2024\/09\/young-handsome-physician-medical-robe-with-stethoscope-1-scaled.webp\",\"datePublished\":\"2024-09-25T06:39:00+00:00\",\"dateModified\":\"2025-01-03T05:57:49+00:00\",\"description\":\"centre m\u00e9dical du 77 d\u00e9di\u00e9 aux soins de la personne du jeune enfant \u00e0 l\u2019adulte senior pathologies trait\u00e9es avec s\u00e9rieux et professionnalisme\",\"breadcrumb\":{\"@id\":\"https:\/\/centre-medical-torcy.fr\/#breadcrumb\"},\"inLanguage\":\"fr-FR\",\"potentialAction\":[{\"@type\":\"ReadAction\",\"target\":[\"https:\/\/centre-medical-torcy.fr\/\"]}]},{\"@type\":\"ImageObject\",\"inLanguage\":\"fr-FR\",\"@id\":\"https:\/\/centre-medical-torcy.fr\/#primaryimage\",\"url\":\"https:\/\/centre-medical-torcy.fr\/wp-content\/uploads\/2024\/09\/young-handsome-physician-medical-robe-with-stethoscope-1-scaled.webp\",\"contentUrl\":\"https:\/\/centre-medical-torcy.fr\/wp-content\/uploads\/2024\/09\/young-handsome-physician-medical-robe-with-stethoscope-1-scaled.webp\",\"width\":2560,\"height\":1707,\"caption\":\"gestion de vos rendez-vous, le Centre M\u00e9dical de Torcy est partenaire de Doctolib\"},{\"@type\":\"BreadcrumbList\",\"@id\":\"https:\/\/centre-medical-torcy.fr\/#breadcrumb\",\"itemListElement\":[{\"@type\":\"ListItem\",\"position\":1,\"name\":\"Accueil\",\"item\":\"https:\/\/centre-medical-torcy.fr\/\"},{\"@type\":\"ListItem\",\"position\":2,\"name\":\"centre m\u00e9dical du 77\"}]},{\"@type\":\"WebSite\",\"@id\":\"https:\/\/centre-medical-torcy.fr\/#website\",\"url\":\"https:\/\/centre-medical-torcy.fr\/\",\"name\":\"Centre M\u00e9dical de Torcy\",\"description\":\"a votre service\",\"publisher\":{\"@id\":\"https:\/\/centre-medical-torcy.fr\/#organization\"},\"potentialAction\":[{\"@type\":\"SearchAction\",\"target\":{\"@type\":\"EntryPoint\",\"urlTemplate\":\"https:\/\/centre-medical-torcy.fr\/?s={search_term_string}\"},\"query-input\":{\"@type\":\"PropertyValueSpecification\",\"valueRequired\":true,\"valueName\":\"search_term_string\"}}],\"inLanguage\":\"fr-FR\"},{\"@type\":\"Organization\",\"@id\":\"https:\/\/centre-medical-torcy.fr\/#organization\",\"name\":\"Centre M\u00e9dical de Torcy\",\"url\":\"https:\/\/centre-medical-torcy.fr\/\",\"logo\":{\"@type\":\"ImageObject\",\"inLanguage\":\"fr-FR\",\"@id\":\"https:\/\/centre-medical-torcy.fr\/#\/schema\/logo\/image\/\",\"url\":\"https:\/\/centre-medical-torcy.fr\/wp-content\/uploads\/2024\/09\/cropped-cropped-Black-White-Minimalist-SImple-Monogram-Typography-Logo-1-1.png\",\"contentUrl\":\"https:\/\/centre-medical-torcy.fr\/wp-content\/uploads\/2024\/09\/cropped-cropped-Black-White-Minimalist-SImple-Monogram-Typography-Logo-1-1.png\",\"width\":328,\"height\":323,\"caption\":\"Centre M\u00e9dical de Torcy\"},\"image\":{\"@id\":\"https:\/\/centre-medical-torcy.fr\/#\/schema\/logo\/image\/\"}}]}<\/script>\n<!-- \/ Yoast SEO plugin. -->","yoast_head_json":{"title":"Centre M\u00e9dical de Torcy d\u00e9di\u00e9 aux soins de la personne toutes pathologies trait\u00e9es avec s\u00e9rieux et professionnalisme","description":"centre m\u00e9dical du 77 d\u00e9di\u00e9 aux soins de la personne du jeune enfant \u00e0 l\u2019adulte senior pathologies trait\u00e9es avec s\u00e9rieux et professionnalisme","robots":{"index":"index","follow":"follow","max-snippet":"max-snippet:-1","max-image-preview":"max-image-preview:large","max-video-preview":"max-video-preview:-1"},"canonical":"https:\/\/centre-medical-torcy.fr\/","og_locale":"fr_FR","og_type":"article","og_title":"Centre M\u00e9dical de Torcy d\u00e9di\u00e9 aux soins de la personne toutes pathologies trait\u00e9es avec s\u00e9rieux et professionnalisme","og_description":"centre m\u00e9dical du 77 d\u00e9di\u00e9 aux soins de la personne du jeune enfant \u00e0 l\u2019adulte senior pathologies trait\u00e9es avec s\u00e9rieux et professionnalisme","og_url":"https:\/\/centre-medical-torcy.fr\/","og_site_name":"Centre M\u00e9dical de Torcy","article_modified_time":"2025-01-03T05:57:49+00:00","og_image":[{"url":"https:\/\/centre-medical-torcy.fr\/wp-content\/uploads\/2024\/09\/young-handsome-physician-medical-robe-with-stethoscope-1-scaled.webp"}],"twitter_card":"summary_large_image","twitter_misc":{"Dur\u00e9e de lecture estim\u00e9e":"2 minutes"},"schema":{"@context":"https:\/\/schema.org","@graph":[{"@type":"WebPage","@id":"https:\/\/centre-medical-torcy.fr\/","url":"https:\/\/centre-medical-torcy.fr\/","name":"Centre M\u00e9dical de Torcy d\u00e9di\u00e9 aux soins de la personne toutes pathologies trait\u00e9es avec s\u00e9rieux et professionnalisme","isPartOf":{"@id":"https:\/\/centre-medical-torcy.fr\/#website"},"primaryImageOfPage":{"@id":"https:\/\/centre-medical-torcy.fr\/#primaryimage"},"image":{"@id":"https:\/\/centre-medical-torcy.fr\/#primaryimage"},"thumbnailUrl":"https:\/\/centre-medical-torcy.fr\/wp-content\/uploads\/2024\/09\/young-handsome-physician-medical-robe-with-stethoscope-1-scaled.webp","datePublished":"2024-09-25T06:39:00+00:00","dateModified":"2025-01-03T05:57:49+00:00","description":"centre m\u00e9dical du 77 d\u00e9di\u00e9 aux soins de la personne du jeune enfant \u00e0 l\u2019adulte senior pathologies trait\u00e9es avec s\u00e9rieux et professionnalisme","breadcrumb":{"@id":"https:\/\/centre-medical-torcy.fr\/#breadcrumb"},"inLanguage":"fr-FR","potentialAction":[{"@type":"ReadAction","target":["https:\/\/centre-medical-torcy.fr\/"]}]},{"@type":"ImageObject","inLanguage":"fr-FR","@id":"https:\/\/centre-medical-torcy.fr\/#primaryimage","url":"https:\/\/centre-medical-torcy.fr\/wp-content\/uploads\/2024\/09\/young-handsome-physician-medical-robe-with-stethoscope-1-scaled.webp","contentUrl":"https:\/\/centre-medical-torcy.fr\/wp-content\/uploads\/2024\/09\/young-handsome-physician-medical-robe-with-stethoscope-1-scaled.webp","width":2560,"height":1707,"caption":"gestion de vos rendez-vous, le Centre M\u00e9dical de Torcy est partenaire de Doctolib"},{"@type":"BreadcrumbList","@id":"https:\/\/centre-medical-torcy.fr\/#breadcrumb","itemListElement":[{"@type":"ListItem","position":1,"name":"Accueil","item":"https:\/\/centre-medical-torcy.fr\/"},{"@type":"ListItem","position":2,"name":"centre m\u00e9dical du 77"}]},{"@type":"WebSite","@id":"https:\/\/centre-medical-torcy.fr\/#website","url":"https:\/\/centre-medical-torcy.fr\/","name":"Centre M\u00e9dical de Torcy","description":"a votre service","publisher":{"@id":"https:\/\/centre-medical-torcy.fr\/#organization"},"potentialAction":[{"@type":"SearchAction","target":{"@type":"EntryPoint","urlTemplate":"https:\/\/centre-medical-torcy.fr\/?s={search_term_string}"},"query-input":{"@type":"PropertyValueSpecification","valueRequired":true,"valueName":"search_term_string"}}],"inLanguage":"fr-FR"},{"@type":"Organization","@id":"https:\/\/centre-medical-torcy.fr\/#organization","name":"Centre M\u00e9dical de Torcy","url":"https:\/\/centre-medical-torcy.fr\/","logo":{"@type":"ImageObject","inLanguage":"fr-FR","@id":"https:\/\/centre-medical-torcy.fr\/#\/schema\/logo\/image\/","url":"https:\/\/centre-medical-torcy.fr\/wp-content\/uploads\/2024\/09\/cropped-cropped-Black-White-Minimalist-SImple-Monogram-Typography-Logo-1-1.png","contentUrl":"https:\/\/centre-medical-torcy.fr\/wp-content\/uploads\/2024\/09\/cropped-cropped-Black-White-Minimalist-SImple-Monogram-Typography-Logo-1-1.png","width":328,"height":323,"caption":"Centre M\u00e9dical de Torcy"},"image":{"@id":"https:\/\/centre-medical-torcy.fr\/#\/schema\/logo\/image\/"}}]}},"_links":{"self":[{"href":"https:\/\/centre-medical-torcy.fr\/index.php?rest_route=\/wp\/v2\/pages\/62"}],"collection":[{"href":"https:\/\/centre-medical-torcy.fr\/index.php?rest_route=\/wp\/v2\/pages"}],"about":[{"href":"https:\/\/centre-medical-torcy.fr\/index.php?rest_route=\/wp\/v2\/types\/page"}],"author":[{"embeddable":true,"href":"https:\/\/centre-medical-torcy.fr\/index.php?rest_route=\/wp\/v2\/users\/1"}],"replies":[{"embeddable":true,"href":"https:\/\/centre-medical-torcy.fr\/index.php?rest_route=%2Fwp%2Fv2%2Fcomments&post=62"}],"version-history":[{"count":33,"href":"https:\/\/centre-medical-torcy.fr\/index.php?rest_route=\/wp\/v2\/pages\/62\/revisions"}],"predecessor-version":[{"id":168,"href":"https:\/\/centre-medical-torcy.fr\/index.php?rest_route=\/wp\/v2\/pages\/62\/revisions\/168"}],"wp:attachment":[{"href":"https:\/\/centre-medical-torcy.fr\/index.php?rest_route=%2Fwp%2Fv2%2Fmedia&parent=62"}],"curies":[{"name":"wp","href":"https:\/\/api.w.org\/{rel}","templated":true}]}}